125552
In base 15, what is 4 + 3e78a?
3e78e
In base 12, what is -3 - -4477?
4474
In base 11, what is 6 - -130a06?
130a11
In base 3, what is -220 + 21122121?
21121201
In base 10, what is 4 - 224390?
-224386
In base 7, what is 3105 + -505?
2300
In base 6, what is -3 + -4144325?
-4144332
In base 15, what is -234 + 1ac?
-77
In base 4, what is -13021 + 323201?
310120
In base 14, what is -4c042 + 5?
-4c03b
In base 16, what is -3 - 74a16?
-74a19
In base 15, what is 1d9 - -102?
2db
In base 4, what is 131232 + 11?
131303
In base 16, what is 1815 + -8?
180d
In base 5, what is -2210 + 241?
-1414
In base 2, what is -1 - -1110110111000?
1110110110111
In base 6, what is 4 + -54541?
-54533
In base 4, what is 100 - 311011?
-310311
In base 2, what is -10 + 10000100000?
10000011110
In base 11, what is 16 - -7332?
7348
In base 15, what is 0 - 2ceb8?
-2ceb8
In base 16, what is 8ca7 + 1?
8ca8
In base 14, what is -3a1cd - -1?
-3a1cc
In base 8, what is 14 - -135502?
135516
In base 9, what is -314681 + -3?
-314684
In base 11, what is 395 + -79?
317
In base 14, what is -18 + -2b3d?
-2b57
In base 13, what is 805a - 1?
8059
In base 3, what is 1100200202 - 10?
1100200122
In base 8, what is -23506 - -5?
-23501
In base 14, what is 10 - 564d?
-563d
In base 5, what is -22440 + 21?
-22414
In base 4, what is -1132123 + -10123?
-1202312
In base 7, what is 2 - 65603?
-65601
In base 11, what is -3940 + -2?
-3942
In base 2, what is -11100010 - 10010100010?
-10110000100
In base 14, what is -8 - -b4aa?
b4a2
In base 4, what is -1210331 + 21310?
-1123021
In base 7, what is -15524 + 26?
-15465
In base 13, what is -1709 + -18?
-1724
In base 11, what is 1 + -5605?
-5604
In base 13, what is -463c4 - 0?
-463c4
In base 9, what is 5 + 384603?
384608
In base 11, what is -3603 - -113?
-34a0
In base 11, what is -680a + -2?
-6811
In base 10, what is 2 - 30994?
-30992
In base 15, what is -87 + -2d97?
-2e2e
In base 16, what is 9 - 12c0?
-12b7
In base 3, what is 11212200022 - -11?
11212200110
In base 9, what is 12 + -1245?
-1233
In base 2, what is 10011000110111010010000 + 1?
10011000110111010010001
In base 4, what is 1303 + -32300?
-30331
In base 5, what is 122142 - 10?
122132
In base 7, what is -11 + 14504?
14463
In base 10, what is 5 + 588918?
588923
In base 15, what is -467b - a9?
-4735
In base 12, what is 8 - -45b?
467
In base 9, what is 111 - 3056?
-2845
In base 9, what is -12626 + -5?
-12632
In base 5, what is -23140441 + -2?
-23140443
In base 2, what is -1101100000001 + -100?
-1101100000101
In base 15, what is -17 + 4e3?
4cb
In base 7, what is -30453 + -55?
-30541
In base 11, what is 586a8 + 3?
58700
In base 9, what is -6 - -1336603?
1336586
In base 7, what is 5 + 36520?
36525
In base 8, what is -4 - -37175?
37171
In base 16, what is 1604b + 2?
1604d
In base 5, what is 202324 - 10?
202314
In base 11, what is 9 - 6292?
-6284
In base 5, what is -14311110 - 2?
-14311112
In base 9, what is -445 + -18?
-464
In base 6, what is 154511 + -1?
154510
In base 15, what is 0 - 333da?
-333da
In base 14, what is -7317 - -3?
-7314
In base 2, what is 1110 - -1100001101100?
1100001111010
In base 8, what is -147 - -56566?
56417
In base 10, what is -5902 + 16?
-5886
In base 15, what is 2249 - -4?
224d
In base 11, what is 12a3a53 + -3?
12a3a50
In base 11, what is -7 - 1717?
-1723
In base 13, what is 37 + 92?
c9
In base 14, what is -2757c - -3?
-27579
In base 15, what is -8 - 407d?
-4086
In base 16, what is -1c - 223a?
-2256
In base 9, what is -2 - 10723?
-10725
In base 5, what is -3103430343 - -4?
-3103430334
In base 4, what is 32113 - -32121?
130300
In base 8, what is 4 + -273201?
-273175
In base 8, what is -2 - 2234113?
-2234115
In base 10, what is 0 + -1578?
-1578
In base 12, what is -11819b - 0?
-11819b
In base 10, what is -234 - 19469?
-19703
In base 11, what is -701 - -6a1?
-10
In base 12, what is -205 - -50?
-175
In base 8, what is -2057440 - 2?
-2057442
In base 4, what is 1 + -113301220?
-113301213
In base 14, what is 16da6 + 4?
16daa
In base 10, what is -6 + -6065?
-6071
In base 15, what is -2 + -4c4a?
-4c4c
In base 15, what is -287 - d0?
-367
In base 8, what is 444 - 26703?
-26237
In base 8, what is -23437 + 2?
-23435
In base 14, what is 31b7 + -2d?
3188
In base 5, what is -14013 + -1122?
-20140
In base 12, what is -a01 + 40?
-981
In base 6, what is -3 + 153022?
153015
In base 12, what is -4109 - 4?
-4111
In base 2, what is -1 + 1101010101100110000?
1101010101100101111
In base 16, what is 57 + 3304?
335b
In base 4, what is -31020211 - 30?
-31020301
In base 3, what is 100022 - -100002002?
100102101
In base 15, what is 162a - 3?
1627
In base 15, what is -5e5a0 + -4?
-5e5a4
In base 7, what is -456446 + -13?
-456462
In base 12, what is -738 + -1?
-739
In base 9, what is -6762 + 5?
-6756
In base 7, what is 126 - -512?
641
In base 10, what is 225 + -294?
-69
In base 14, what is -3 - 7725?
-7728
In base 15, what is -2 - ed76?
-ed78
In base 9, what is 200552 + -5?
200546
In base 5, what is -13441013 - 102?
-13441120
In base 4, what is 12 - -32312031?
32312103
In base 16, what is 485f + c?
486b
In base 13, what is 0 - -197cb?
197cb
In base 10, what is 2895 + -98?
2797
In base 10, what is 551 + 15057?
15608
In base 8, what is 15 + -662203?
-662166
In base 5, what is 10 - -2024443?
2030003
In base 3, what is -2 - -12001001?
12000222
In base 8, what is 6 - -625?
633
In base 2, what is -1100 + 1010011100100?
1010011011000
In base 11, what is 729 + 401?
102a
In base 5, what is 122 + -401242?
-401120
In base 8, what is -151 - 7155?
-7326
In base 5, what is -2322 + 104341?
102014
In base 8, what is -76162 + 4?
-76156
In base 13, what is 1767 + -1c?
1748
In base 3, what is -1012102200122 + -1?
-1012102200200
In base 14, what is -871 + 46?
-829
In base 2, what is -1100100011100101 + 0?
-1100100011100101
In base 14, what is 364 + -6?
35c
In base 14, what is 9794 - 1?
9793
In base 11, what is 4 - -8690?
8694
In base 10, what is 2469 - 133?
2336
In base 7, what is -20 + -405125?
-405145
In base 2, what is -11111110011 - -1110110?
-11101111101
In base 6, what is -5040414 - 2?
-5040420
In base 15, what is 5b + 17e?
1da
In base 10, what is 4579 - 17?
4562
In base 7, what is 12 - 3146?
-3134
In base 2, what is 101001 + -100001?
1000
In base 2, what is 10001111011 + 101?
10010000000
In base 4, what is -30221210 - 1023?
-30222233
In base 11, what is -a - 10599?
-105a8
In base 7, what is 326636 - -4?
326643
In base 13, what is -1b - -150?
132
In base 10, what is -1 + -2136?
-2137
In base 15, what is -719 + -60?
-779
In base 12, what is -4 - -9094?
9090
In base 7, what is -15204 - -104?
-15100
In base 4, what is 0 - 332131313?
-332131313
In base 6, what is -2052 + -10023?
-12115
In base 14, what is -680a + -5?
-6811
In base 15, what is -13da1 - -5?
-13d9b
In base 4, what is 11023 - 110?
10313
In base 8, what is 2117 + 153?
2272
In base 15, what is -2 + c5e12?
c5e10
In base 4, what is -101102313 - -3?
-101102310
In base 2, what is 100101000 + 1110?
100110110
In base 9, what is 145 - -8210?
8355
In base 2, what is 1100110010110 + 1001?
1100110011111
In base 9, what is 6 - 28266?
-28260
In base 14, what is b - 611a?
-610d
In base 4, what is 2111121332 + 3?
2111122001
In base 8, what is -140720 + -40?
-140760
In base 13, what is 35 - 503c?
-5007
In base 3, what is 2 - 201101211220?
-201101211211
In base 15, what is -3 - -2d0?
2cc
In base 7, what is 12 + 25163?
25205
In base 9, what is 36 + -1532?
-1485
In base 11, what is 21728 - -5?
21732
In base 9, what is -67 + 1264?
1186
In base 3, what is -10211121 + 122121?
-10012000
In base 13, what is -4 - 57?
-5b
In base 5, what is -1014230 + -140?
-1014420
In base 15, what is 3654 - 8?
364b
In base 5, what is 1 - -11113312?
11113313
In base 5, what is 20014441 + 10?
20020001
In base 14, what is -10b91 - -27?
-10b68
In base 8, what is 2227 - -71?
2320
In base 9, what is -7 - -2343?
2335
In base 8, what is 25 + 4114?
4141
In base 6, what is 140 + 230443?
231023
In base 4, what is 10221232 + -1?
10221231
In base 2, what is 1100001010 + 10001000?
1110010010
In base 2, what is -101001 + -1011100101?
-1100001110
In base 4, what is 1012102213230 - 0?
1012102213230
In base 11, what is -12 - 18017a?
-180191
In base 10, what is -4 + -30006?
-30010
In base 6, what is -45414442 - -5?
-45414433
In 